hat is the tens digit of 17714/j - (-2)/14?
4
Suppose 4*r = -0*m - m - 11, 0 = -2*m - 5*r - 13. Let h(f) = 1536*f. What is the tens digit of h(m)?
3
Suppose 4*r = 17*o - 20*o - 5, 3*o = r + 5. What is the hundreds digit of (-1*o)/(7*5/(-20755))?
5
Let t(r) = 26*r**2 + 3*r - 2. Let s be t(2). Let q be (-13 + 12)*(0 - 4). What is the hundreds digit of s + (q - 7) + -1?
1
Let i be 0 + -1 - (-2 + -1 - 0). Suppose 0 = -i*r + 8, -3*l - 4*r + 5 + 5 = 0. What is the tens digit of 48*(0 + 1) - (-2)/l?
4
Let s be 1 + (1/1)/(1/4). Suppose -s*v = 181 - 1626. What is the tens digit of v?
8
Let x be (-123)/6 + (-1)/(-2). Suppose 1565 = -6*a + 5*a. What is the tens digit of (-6)/(-8) + a/x?
7
Let s be 11/((-495)/(-27)) + 22/5. Suppose 0 = 5*k, 0*k - s*k = 4*b - 8. Suppose 148 + 272 = b*i. What is the units digit of i?
0
Let a(y) = 4*y - 1. Let h be a(8). Let q = -33 + h. What is the tens digit of (1 - q) + -4 + 94?
9
What is the units digit of ((163319/6)/(-13))/((184/(-48))/23)?
3
Suppose -243 = 5*b + 6*r, r - 8 + 6 = 0. What is the hundreds digit of (-879)/4*(b + 47)?
8
Let s be 77/28 - (-1)/(12/(-9)). Suppose -m - 1159 = -5*r + r, -s*r + 5*m = -593. What is the hundreds digit of r?
2
Suppose -4*z + 4 + 5 = 3*n, 2*z - n + 3 = 0. Suppose -3*g - 3*c + 231 = z, 0 = -2*c + 2 - 10. Suppose 10 = 7*d - g. What is the units digit of d?
3
Suppose -102*s + 184*s = 100*s - 153144. What is the thousands digit of s?
8
Suppose 139864 = 3*g - 54278. What is the tens digit of g?
1
Let b(z) = -z**2 + 9*z - 13. Let n be b(6). Suppose r = -n*i - 33, 0*i = -i + 2*r. What is the tens digit of (-1)/i - (-483)/(-36)*-2?
2
Suppose 3*j - 430 = -3*i + 950, -3*j + 3*i = -1392. Suppose j*k - 467*k = -2545. What is the tens digit of k?
0
Suppose 2*k = -8, z + k = 4*z + 233. Let w = z - -210. Let o = -5 + w. What is the units digit of o?
6
Let c(h) = -96*h + 235. Let b(z) = -288*z + 704. Let o(v) = 3*b(v) - 8*c(v). What is the hundreds digit of o(-6)?
8
Let g(b) = -2*b**3 - 6*b**2 - 19*b + 9. Suppose -157 = 26*l + 25. What is the hundreds digit of g(l)?
5
Suppose 3*x + 20 = -c - 3*c, 0 = x - 5*c - 25. Suppose x = 3*u - 594 - 426. Suppose 0 = -2*i + 5*d + u, -4*i + d = i - 804. What is the tens digit of i?
6
Let w be 1/2 - 409/(-2). Let f = 244 - w. What is the tens digit of f?
3
Suppose 35 = -5*a + 3*q, -4*a - 2*q - 2 = 4. Let g = 929 + a. What is the hundreds digit of g?
9
Suppose 3*n - w + 2 = 4*n, 5*n - w - 16 = 0. Suppose -7*i + 4*i = n*o - 231, 2*i = 3*o - 241. What is the units digit of o?
9
Suppose -19 = 2*v - 17, 4*i - v - 261217 = 0. What is the tens digit of i?
0
Let u = -22 - -22. Let h(o) = -2 - 3*o + 4 - o + u*o. What is the tens digit of h(-8)?
3
Let l(r) = 3*r - 4*r - 3 + 6. Let w be l(9). What is the units digit of (-4)/24 + ((-595)/w - -1)?
0
Suppose 3*l = -2*o + 23106, l - 543*o = -544*o + 7700. What is the thousands digit of l?
7
Suppose 217 = 3*q - 236. Suppose -x + 517 + q = -3*u, 2*x - 1339 = 5*u. What is the hundreds digit of x?
6
What is the thousands digit of -6 - 0 - (-12882834)/366?
5
Suppose 0 = 3*l - 15, -9*o + 3385 = -8*o - 5*l. What is the hundreds digit of o?
4
Let z(v) = v**2 + 2*v + 1. Let i be z(-5). Suppose -3*f - 5*f = i. What is the units digit of (3 - 2)/(f/(-34))?
7
Let z(d) be the third derivative of 1/24*d**4 + 0 - 1/120*d**6 + 7/2*d**3 + 13/60*d**5 + 7*d**2 + 0*d. What is the tens digit of z(13)?
3
Let w(f) = -71*f**3 + f**2 - 4*f + 2. Let v be w(1). Let b = 121 + v. Suppose -46 = -5*l + b. What is the units digit of l?
9
Let a be -1*(-7)/(-7) + -271. Let f = 993 - a. What is the hundreds digit of f?
2
Suppose -11 = -4*c - 5*d + 20, -2*c - 1 = -3*d. Suppose -k = k - c. Suppose 0 = 3*j + k*j - 420. What is the tens digit of j?
8
Let o be ((-18)/8)/(1/(-4)). Suppose -4*i - 9 + o = 0. Suppose 2*m - m - 17 = i. What is the units digit of m?
7
Suppose -5*f + 2*c = -11859, c - 5166 = 5*f - 17028. What is the hundreds digit of f/6 + (-12)/8*1?
3
Let d be ((-3744)/80)/((-6)/20). What is the units digit of (-2)/((-162)/d - -1)?
2
Let j(o) = -305*o - 9. Let g be j(-4). Let y = 1700 - g. What is the hundreds digit of y?
4
Suppose -4*u = -4*q + 1180, 10*q - 5*q + 901 = -3*u. Let m = u - -442. What is the units digit of m?
5
Suppose 7*g = 12*g - 4*a + 9, 0 = 2*g - 4*a + 6. What is the units digit of (-305 - -31)*(-2 + g)?
2
Suppose n = 5*c - 8636, n - 1743 - 1717 = -2*c. Suppose -14*u - c = -20*u. Suppose 3*l + 45 = u. What is the tens digit of l?
8
Let z(c) = -c**2 + 18*c + 37. Suppose 3*d - 5*d - 3*p + 54 = 0, -p + 135 = 5*d. Suppose 4*q - 37 = d. What is the units digit of z(q)?
9
Let p(u) = -25*u - 15. Let x(f) = -9*f - 1. Let m(v) = -p(v) + 2*x(v). Let g = -1 + 4. What is the tens digit of m(g)?
3
Suppose 0 = -2*o + 3*u + 21, -35*o + 34*o + 4*u + 23 = 0. Suppose -2*h + h = 2*c - 1967, h = o. What is the hundreds digit of c?
9
What is the ten thousands digit of 1/(-3) - 302885*(-37)/555?
2
Suppose -16*p + 458 = 5690. Let f = -165 - p. What is the hundreds digit of f?
1
Let m = -267 - -158. Let d = m - -113. Suppose -3*a + 339 = 2*v, -5*a - d*v + 400 = -163. What is the hundreds digit of a?
1
Let w(k) = 17*k**2 + 3*k - 6. Let x = -145 + 151. What is the hundreds digit of w(x)?
6
Suppose 5*l + 1092 - 372 = q, 15 = -5*l. Suppose -2*k = -3*k - 5, 0 = 5*s - 4*k - q. What is the tens digit of s?
3
Let c be 1264/(4/((-4)/(-1))). Suppose 5*g - c = -4414. What is the tens digit of 18/15*g/(-12)?
6
Let y(d) be the first derivative of -d**3/3 + 12*d**2 - 23*d + 52. What is the hundreds digit of y(10)?
1
Let i = 134 + 0. Suppose i = -5*u - 26. Let y = u - -58. What is the tens digit of y?
2
Suppose 3*q - 4*q - 69 = 4*t, 0 = -2*t - 3*q - 47. Let r = -13 - t. What is the units digit of 2 + 82 + (-3)/r?
3
Let y(u) = -820*u**2 + 21*u + 14. Let c(w) = 821*w**2 - 21*w - 16. Let b(s) = 4*c(s) + 3*y(s). What is the tens digit of b(-1)?
2
Suppose 1006 = -x - 2*n, -n = 3*x - 4*n + 2982. Let a = -601 - x. What is the units digit of a?
7
What is the units digit of (10 + 136840)/10 - 15?
0
Let c(i) = -i**3 + 22*i**2 - 13*i - 7. Let n be c(9). Suppose -8*x + n = -2263. What is the tens digit of x?
9
Let v be 1379/(-14) + (-15)/10. What is the tens digit of (-2)/(-10)*313 + (-40)/v?
6
Suppose 3*i = 2*w - 60463, 0 = -4*w + 38*i - 36*i + 120946. What is the ten thousands digit of w?
3
Suppose -5*h + 1462 + 1286 = 3*i, -2214 = -4*h - 5*i. What is the hundreds digit of h?
5
Suppose -9*b + 7*b - 1758 = 2*p, 0 = -2*b - 3*p - 1760. Let o = b - -1688. What is the units digit of o?
1
Let l = -9 - -15. Let g(u) = -u**2 - 34*u - 173. Let k be g(-22). Suppose k = y - m, -3*y = -l*m + 5*m - 275. What is the units digit of y?
2
Let b(f) be the first derivative of 14*f + 5 + 13/2*f**2. What is the units digit of b(13)?
3
Let r(h) = h**3 + 2*h**2 + 4*h - 4. Let w be r(-6). Let d = -7 - w. Let c = d - 97. What is the units digit of c?
8
Suppose 3 = 3*b + 6. What is the tens digit of b/(339/(-1998) - 3/(-18))?
3
Let g be (-2)/(-10) - 91680/(-100). Suppose 89 = 2*x - g. What is the units digit of x?
3
Suppose -x + 9 = -4*x. What is the units digit of x/(-2)*(-13)/(78/(-2584))?
6
Suppose -7*v + 10*a = 13*a - 109443, 4*a = -2*v + 31282. What is the hundreds digit of v?
6
Let n be (10/(-8))/((-2)/32). Suppose n = 3*f + 2*o + 3*o, o = -2*f + 18. What is the units digit of (438/9)/((f/3)/5)?
3
Let a = 63 + -58. Let u be (a*(-18)/(-60))/((-1)/14). Let p = -4 - u. What is the units digit of p?
7
Let y(j) = -7*j + 5. Let u(i) = 0*i + 0*i + 34*i - 17 - 8. Let v(c) = -2*u(c) - 11*y(c). What is the units digit of v(5)?
0
Let m = 12 + -10. Suppose 4*u - 64 = -m*v, -4*v = -u - u - 178. What is the units digit of v?
2
Let n(g) = 2*g - 6. Let t(j) = -j + 3. Let x(a) = 6*n(a) + 11*t(a). Let b be x(-8). What is the tens digit of (-2)/b - 1884/(-44)?
4
Let y be ((-4)/6)/((-16)/72). Let m(h) = 31*h**3 + 2*h**2 + 13*h - 27. What is the units digit of m(y)?
7
Suppose 4*x + 364 = -10*x. Let k be x*(27/4)/(15/(-10)). Suppose u - 134 = 2*z, u = -z + k + 11. What is the units digit of u?
0
Let v(b) = 206 - 211 - 24*b + 47*b - 21*b. Suppose -49 - 27 = -4*h. What is the units digit of v(h)?
3
Suppose 211240 + 23595 = 16*d - 6925. What is the hundreds digit of d?
1
Let p = 699 - 481. Let d = p - 197. What is the tens di